60?
True
Is 107911 a multiple of 31?
True
Is 1299087 a multiple of 71?
True
Is 25 a factor of 2155900?
True
Does 84 divide 175425?
False
Is 13 a factor of 244583?
False
Is 42 a factor of 1638?
True
Does 22 divide 38566?
True
Is 31 a factor of 309167?
False
Is 55 a factor of 1441165?
True
Does 12 divide 623934?
False
Is 278 a factor of 271050?
True
Does 12 divide 771524?
False
Does 147 divide 297234?
True
Is 51 a factor of 10698874?
False
Is 169 a factor of 2165671?
False
Is 35 a factor of 20186?
False
Is 4 a factor of 831192?
True
Does 88 divide 40040?
True
Is 14 a factor of 124199?
False
Does 174 divide 26622?
True
Does 103 divide 11845?
True
Is 1656644 a multiple of 865?
False
Is 5547720 a multiple of 498?
True
Is 220428 a multiple of 26?
True
Is 131 a factor of 268007?
False
Does 8 divide 340636?
False
Does 32 divide 240329?
False
Is 17 a factor of 1063257?
False
Is 1737542 a multiple of 290?
False
Does 9 divide 196262?
False
Is 308 a factor of 880264?
True
Is 320962 a multiple of 15?
False
Is 19474 even?
True
Does 73 divide 229692?
False
Is 1135596 a multiple of 66?
True
Does 7 divide 32269?
False
Is 1070208 a multiple of 9?
True
Is 16 a factor of 10048?
True
Is 199571 a multiple of 9?
False
Is 6 a factor of 120446?
False
Does 13 divide 814195?
False
Is 6486426 a multiple of 1063?
True
Is 10 a factor of 567160?
True
Is 1389104 a multiple of 9?
False
Is 4 a factor of 48174?
False
Does 1052 divide 625940?
True
Does 44 divide 3827837?
False
Does 33 divide 1772694?
True
Does 195 divide 744705?
True
Does 16 divide 630928?
True
Is 28 a factor of 359436?
True
Is 16285280 a multiple of 608?
True
Is 16 a factor of 1787609?
False
Is 13163788 a multiple of 44?
True
Is 597 a factor of 935499?
True
Is 576435 a multiple of 5?
True
Does 165 divide 152128?
False
Does 147 divide 8498176?
False
Is 14 a factor of 110292?
True
Does 102 divide 9282?
True
Is 20051946 a multiple of 17?
False
Is 1194005 a multiple of 5?
True
Does 800 divide 1840000?
True
Does 3 divide 15906?
True
Is 16 a factor of 43408?
True
Is 37050282 a multiple of 11?
False
Is 93 a factor of 565998?
True
Does 65 divide 2131619?
False
Is 111 a factor of 12652779?
True
Is 47810 a multiple of 9?
False
Is 69 a factor of 35202?
False
Is 530441 a multiple of 403?
False
Does 195 divide 14526833?
False
Is 2925072 a multiple of 54?
True
Does 14 divide 3990084?
True
Is 8 a factor of 71267?
False
Is 1347186 a multiple of 226?
True
Is 6 a factor of 2008638?
True
Is 56 a factor of 169904?
True
Does 82 divide 371952?
True
Does 12 divide 198154?
False
Does 56 divide 208733?
False
Does 125 divide 6093168?
False
Does 57 divide 1192895?
False
Is 27 a factor of 868549?
False
Is 30 a factor of 105384?
False
Does 12 divide 7391814?
False
Is 627 a factor of 3709332?
True
Is 29848 a multiple of 52?
True
Does 42 divide 1250967?
False
Is 82 a factor of 3273244?
False
Does 138 divide 1679874?
True
Is 1009756 a multiple of 41?
False
Is 46996 a multiple of 19?
False
Is 104 a factor of 148720?
True
Does 248 divide 10217600?
True
Does 2 divide 27578?
True
Is 575604 a multiple of 177?
True
Is 3 a factor of 40171?
False
Does 341 divide 7025?
False
Is 468 a factor of 729344?
False
Is 14642509 a multiple of 33?
False
Does 219 divide 430116?
True
Is 7239936 a multiple of 24?
True
Does 5 divide 1002450?
True
Does 224 divide 731360?
True
Is 2489092 a multiple of 85?
False
Does 36 divide 913213?
False
Is 115 a factor of 1661232?
False
Is 3275430 a multiple of 101?
True
Does 6 divide 14138722?
False
Does 140 divide 124481?
False
Is 182 a factor of 159658?
False
Is 6720555 a multiple of 1185?
False
Is 136348 a multiple of 178?
True
Does 13 divide 888459?
True
Is 170 a factor of 1165860?
True
Is 33 a factor of 2122065?
True
Is 1951291 a multiple of 623?
False
Is 522 a factor of 439633?
False
Is 145848 a multiple of 118?
True
Is 7 a factor of 5124778?
False
Is 2707854 a multiple of 737?
False
Does 2 divide 755663?
False
Does 40 divide 517800?
True
Does 60 divide 3260987?
False
Is 125 a factor of 1908500?
True
Is 164 a factor of 66584?
True
Is 5933501 a multiple of 47?
False
Is 76 a factor of 59964?
True
Is 4637405 a multiple of 545?
True
Does 5 divide 13895?
True
Is 20 a factor of 4961440?
True
Does 180 divide 282110?
False
Is 1960787 a multiple of 59?
False
Is 240258 a multiple of 69?
True
Is 887120 a multiple of 4?
True
Is 307 a factor of 170385?
True
Is 215600 a multiple of 44?
True
Is 49273 a multiple of 10?
False
Is 4 a factor of 60724?
True
Is 17 a factor of 29887?
False
Does 22 divide 298672?
True
Is 63 a factor of 108423?
True
Is 19952157 a multiple of 14?
False
Does 18 divide 11453241?
False
Is 5300098 a multiple of 270?
False
Does 789 divide 10827447?
True
Is 11878349 a multiple of 10?
False
Does 24 divide 1529769?
False
Does 1165 divide 3943525?
True
Does 262 divide 5772433?
False
Does 152 divide 880603?
False
Is 9396520 a multiple of 7?
True
Is 408291 a multiple of 377?
True
Does 28 divide 5362069?
False
Is 1529035 a multiple of 5?
True
Is 62 a factor of 70308?
True
Is 261 a factor of 8415684?
True
Does 165 divide 741675?
True
Does 68 divide 1674840?
True
Is 128194 a multiple of 49?
False
Does 5 divide 14405?
True
Is 81 a factor of 97541?
False
Does 424 divide 267968?
True
Is 357555 a multiple of 55?
True
Is 770 a factor of 13073018?
False
Does 486 divide 2160535?
False
Is 1019420 a multiple of 20?
True
Does 144 divide 1041780?
False
Is 485374 a multiple of 19?
True
Is 4861523 a multiple of 248?
False
Does 35 divide 7734265?
True
Is 25023 a multiple of 3?
True
Is 63 a factor of 295911?
True
Is 59 a factor of 5232887?
True
Is 399 a factor of 2386927?
False
Is 17764865 a multiple of 420?
False
Is 102544 a multiple of 377?
True
Is 91 a factor of 1395769?
False
Is 578570 a multiple of 94?
True
Is 313 a factor of 4326599?
True
Is 44226 a multiple of 12?
False
Is 23 a factor of 222359?
False
Is 49 a factor of 105618?
False
Is 28 a factor of 19362?
False
Does 145 divide 169470?
False
Is 2024241 a multiple of 382?
False
Does 48 divide 483056?
False
Is 1624069 a multiple of 111?
False
Is 188 a factor of 6917836?
True
Is 117 a factor of 108693?
True
Does 520 divide 30160?
True
Is 82 a factor of 816870?
False
Is 7 a factor of 26201?
True
Does 7 divide 39011?
True
Is 26616 a multiple of 4?
True
Does 107 divide 11241245?
False
Does 240 divide 45600?
True
Does 2 divide 1067026?
True
Is 227 a factor of 8322717?
False
Is 262744 a multiple of 191?
False
Is 3643263 a multiple of 43?
False
Is 260 a factor of 231660?
True
Is 12 a factor of 437988?
True
Is 79 a factor of 84925?
True
Is 1148996 a multiple of 17?
True
Is 9684950 a multiple of 6?
False
Does 183 divide 48409?
False
Is 130662 a multiple of 119?
True
Is 81 a factor of 197478?
True
Is 90 a factor of 14310?
True
Is 170 a factor of 2724138?
False
Is 3 a factor of 261270?
True
Is 114 a factor of 1594908?
False
Is 306 a multiple of 2?
True
Is 136813 a multiple of 42?
False
Is 4259676 a multiple of 446?
False
Is 5 a factor of 618640?
True
Is 12 a factor of 3940932?
True
Is 53496 a multiple of 22?
False
Is 30421 a multiple of 3?
False
Is 1710250 a multiple of 250?
True
Does 12 divide 4070088?
True
Is 2055 a factor of 9286545?
True
Is 1374022 a multiple of 13?
True
Is 1439381 a multiple of 21?
False
Does 12 divide 117336?
True
Is 19 a factor of 13862210?
True
Is 104545 a multiple of 7?
True
Is 1518483 a multiple of 203?
False
Is 1128167 a multiple of 214?
False
Is 854063 a multiple of 30?
False
Is 3885633 a multiple of 7?
False
Is 124292 a multiple of 17?
False
Does 168 divide 2449104?
True
Does 11 divide 105358?
True
Does 29 divide 555176?
True
Is 37 a factor of 2287494?
False
Is 636 a factor of 2482308?
True
Is 2 a factor of 22023?
False
Is 195 a factor of 141331?
False
Is 23 a factor of 8098450?
False
Is 54920 a multiple of 36?
False
Does 16 divide 23230928?
True
Does 167 divide 170841?
True
Is 3 a factor of 36671?
False
Is 31 a factor of 776740?
False
Is 95 a factor of 2439225?
False
Does 10 divide 8350280?
True
Is 180 a factor of 2160900?
True
Is 906296 a multiple of 4?
True
Does 15 divide 1471084?
False
Does 241 divide 440789?
True
Is 504798 a multiple of 202?
True
Is 11 a factor of 1046?
False
Is 5 a factor of 527924?
False
Does 539 divide 1269726?
False
Does 180 divide 8463960